+ x**2. Suppose -46 + 6 = 8*b. Let h(n) = -4*n**3 + n**2 + 2*n + 3. Let a(l) = b*t(l) - h(l). What is a(-6)?
9
Let m(n) = n**3 + 6*n**2. Let f(i) = -12*i**2 - 2*i**3 + 3 - 14 + 12. Let y(j) = -6*f(j) - 13*m(j). What is y(-6)?
-6
Suppose r - 3 = 2*r. Let y(u) = 2*u - 1. Let v(j) be the first derivative of j**2/2 - j + 12. Let a(g) = 4*v(g) - 3*y(g). Calculate a(r).
5
Suppose 13*f + 36 = f. Let u(t) = 3*t**2 + 4*t. What is u(f)?
15
Let l be 2/(-4) + (-5)/2. Let y(q) be the second derivative of q**6/360 - 7*q**4/6 - 9*q. Let m(p) be the third derivative of y(p). Calculate m(l).
-6
Let s(t) = -4*t + 1. Let q = 28 - 10. Let r = 20 - q. Calculate s(r).
-7
Let u(i) = i + 1. Let b(w) be the third derivative of 0*w + 5*w**2 + 1/2*w**3 + 0. Let s(z) = -b(z) - 2*u(z). Calculate s(-5).
5
Let a(z) be the first derivative of 1/4*z**4 + 5/3*z**3 - 7/2*z**2 + 4*z - 13. Give a(-6).
10
Let x(v) = -v**2 - 46. Suppose 43*z + 4 = 4. What is x(z)?
-46
Suppose 0 = 4*s - 6*s + 2. Suppose 0 = j - 0*k + 2*k + s, k = 5*j - 6. Let h(b) = b**2 - 2*b + 1. Determine h(j).
0
Let j(b) = b**3 - 6*b**2 + 6*b - 7. Let u be j(5). Let y be (u - -3)*(-4 - -2). Let q(f) = f**2 - f - 2. Let z(w) = w. Let t(v) = -q(v) - 2*z(v). Give t(y).
0
Let x(o) be the second derivative of o**5/20 - 3*o**4/4 + o**3/3 - 3*o**2/2 - 201*o. What is x(9)?
15
Let c(k) = -2*k + 2. Let a be 2/8*-1 + 2958/696. What is c(a)?
-6
Let s be ((-42)/28)/((-1)/(-2)). Let i be (1 - (-6)/(-2)) + 1. Let j(z) = -2*z**2 + 5*z + 2. Let h(r) = -r**2 + r. Let x(v) = i*j(v) + 3*h(v). Calculate x(s).
-5
Let o(s) = -s**2 + s - 52. Let y = -1823 + 1823. What is o(y)?
-52
Let g(p) be the second derivative of -3*p**5/20 + p**3/3 + 3*p**2/2 + 10*p - 2. Determine g(-2).
23
Let t(m) = 2*m**3 + 16*m**2 + 13*m - 23. Let w(y) = y**3 + 8*y**2 + 6*y - 11. Let g(c) = 6*t(c) - 13*w(c). Suppose -5*j - 88 = -48. Give g(j).
5
Let b be 0/(-9) + 3/1. Suppose b*k - 2*k = 4. Let v(d) = 0*d**2 - d**2 + 0*d**2 - k. Calculate v(3).
-13
Let n(k) = -3*k**2 + 30*k - 14. Let b be n(10). Let a be 6/(-21) + 66/b. Let c(u) be the first derivative of -u**3/3 - 5*u**2/2 - 7*u - 1. Determine c(a).
-7
Let j(s) = -s**3 - 6*s**2 + 12*s - 34. Let v be j(-8). Let z(d) = -2*d**3 - 3*d - 1. What is z(v)?
21
Let o(z) = z**2 - z + 12. Let v(g) = 9*g + 2. Let f be v(0). Let l be (-2)/4*(f - 2). Calculate o(l).
12
Let j(i) be the first derivative of -1/4*i**4 + 3*i + 10 + 5/3*i**3 - 2*i**2. Give j(4).
3
Let o(n) = 2*n + 15. Suppose -3*x - 34 = 4*f, -2*f + 3*f = 4*x + 39. What is o(x)?
-5
Suppose 4*b + 10 = -q, 0*q - 2*q + 16 = -4*b. Suppose -5*i = q*d - 1, -3*d - 9 = 3*i + i. Let o(f) = f + 10. Give o(d).
3
Let x(h) = h**3 - h**2 + 1. Let z(i) = -7*i**3 + 5*i**2 + i. Let f(o) = 6*x(o) + z(o). Calculate f(0).
6
Let m(l) = -l**3 + 6*l**2 - 2*l - 3. Let f(o) = o**2 - 13*o - 25. Let r be f(15). Determine m(r).
12
Let r(n) = n - 13. Let w(u) = -2*u**3 - u**2 - 4*u + 14. Let j be w(0). Determine r(j).
1
Let u(x) = x - 5. Let i be u(8). Let c(n) = 0*n**3 + n**i - 17*n**2 + 3 + 6*n - 7 + 24*n**2. Give c(-6).
-4
Let r(t) = 4*t**3 - 42*t**2 + 19*t + 32. Let o be r(10). Let q(h) = -h**3 + 21*h**2 + 24*h - 45. Calculate q(o).
-1
Let p = 39 - 12. Let k(l) = 11*l + 1 - p*l + 9*l - l**2 + 8*l. What is k(3)?
-5
Let l(j) = -4*j - 1. Let o(z) = z**3 + 3*z**2 + 4*z + 4. Let m be o(-2). Suppose -y - y + 4 = m. Determine l(y).
-9
Let k be (-2)/6 - 78/(-18). Let c(p) = -2*p + 0 - p**2 + k + 1. What is c(-4)?
-3
Suppose 4*k = 3*t - 5*t + 10, 4*k = -5*t - 5. Let x(j) be the third derivative of j**5/60 + j**4/6 + j**3/3 + 119*j**2. Give x(t).
7
Let p(c) = -7*c**3 + c**2 - c - 1. Let d be (-9)/15*1*-10. Let o = 42 + -38. Let i be (12/(-18))/(o/d). Give p(i).
8
Let p = 76 + -71. Let j(w) be the third derivative of 0*w + p*w**2 + 0 - 1/12*w**4 - 5/3*w**3. What is j(-7)?
4
Let q(c) = 11*c - 91. Let r be q(8). Let b(n) = 4*n**2 + 2*n - 1. Calculate b(r).
29
Let o(s) = s**2 - 5*s - 8. Let w = 0 + -3. Let h(y) be the third derivative of y**5/60 - y**3/2 - 52*y**2. Let a be h(w). Determine o(a).
-2
Let q = 19 - 17. Let x(l) = l**3 - 4*l**2 - l. What is x(q)?
-10
Let u(j) = j. Let s(b) = -2*b**2 + 8*b - 4. Let z(o) = -s(o) - 4*u(o). Determine z(6).
4
Let w(u) = -2*u + 3. Let p be w(0). Suppose p*q = -q. Let d(f) = 0*f**2 + f + q*f**2 - f**2 - 12. What is d(0)?
-12
Let u(n) be the second derivative of n**5/20 - n**4/4 + n**3/6 - n**2/2 - 183*n. Calculate u(4).
19
Let l(v) = -v**2 + 17*v - 22. Let a be (6 - 2 - 3)*64/4. Calculate l(a).
-6
Suppose 15 = -3*a, -5*a + 0*a - 23 = -h. Let j(m) = -2*m**2 - 3*m - 1. Calculate j(h).
-3
Let c(n) be the second derivative of n**5/40 + 5*n**4/24 + 7*n**3/6 + 25*n. Let i(m) be the second derivative of c(m). What is i(-6)?
-13
Let p be -4*(-4)/40 - 26/(-10). Let o(q) = -q**2 + 4 - 8 + p*q**2 - 3*q**2 + 6*q. Give o(4).
4
Let j(s) be the first derivative of s**3/3 - 2*s**2 - s + 11. Calculate j(5).
4
Let w(u) = -u + 6. Suppose 10 = 2*o - 3*c + 2*c, 5*o = -c + 11. Let i be (o - (-4 + -5))*1. Let a be 3/i - 1/4. Determine w(a).
6
Suppose 3*y = 10 - 22. Let d be -1 - -5 - (y - (-20)/4). Let n(z) = -z. Calculate n(d).
-3
Suppose 3*m + 6 = 3*n, -5*m + 4*n - 4 = 1. Let k(w) = -3*w - 12 + 5*w - m*w. Determine k(0).
-12
Let s(o) = -o**2 + 5*o + 1. Let t(i) = -i**3 + 10*i**2 - 22*i - 10. Let x(k) = -4*s(k) - t(k). What is x(5)?
-9
Let r be (2 - 1)/(8/32). Suppose 2*m + 2*m - r = 0. Suppose -g = -0*g - m. Let k(i) = i**2. Give k(g).
1
Let z(o) = -o - 4 + 4 - 2. Suppose 2*b + 6*t = 3*t + 2, 3*t + 26 = 5*b. Determine z(b).
-6
Let j(c) be the third derivative of c**6/120 + c**5/20 + c**4/8 + c**3/2 + 41*c**2. Suppose -4*k = 5*p - 16 + 49, 4*k = 3*p + 7. What is j(k)?
1
Let n(v) = v**2 + 8*v - 7. Let p(c) = -c**3 - 5*c**2 + 8*c + 35. Let j be p(-3). Give n(j).
-14
Let s(k) = -k**2 - 10*k + 4. Let z be s(-11). Let c = z - -13. Let f(g) = -g + 3. Calculate f(c).
-3
Let n(t) be the first derivative of -t**3/3 - 4*t + 231. Suppose 0*f - 4*f = 0. Calculate n(f).
-4
Suppose 32 = -17*d + 66. Let f(k) be the first derivative of -5 + 5*k - 3/2*k**d. What is f(4)?
-7
Suppose 5*y = -2*k - 29, -4*y = k + 34 - 12. Let j(t) = 9*t**2 - 2*t**3 + 3*t**2 + 3 - 13*t**2 + 2*t. What is j(k)?
11
Let g(t) = t**2 + 4*t - 6. Let v be -7 + 21 + 12/(-3). Suppose -10*n + 8*n = v. What is g(n)?
-1
Suppose -h + j - 6 = 0, 18 = 2*h - 5*h - 2*j. Let t(c) = c**3 + 7*c**2 + 8*c - 4. Calculate t(h).
-16
Suppose -j - t - 2*t + 4 = 0, -5*j - 13 = 4*t. Let x(u) = u**2 + 5*u - 1. Let o(l) = -3*l**2 - 15*l + 4. Let d(v) = 2*o(v) + 7*x(v). Calculate d(j).
1
Let w be (72/(-27))/(4/(-6)) - -1. Suppose 38 = -11*a + w. Let k(c) = c**3 + 3*c**2 - 2*c - 2. Determine k(a).
4
Let a(n) = 9*n + 5. Let r(k) = -4*k - 2. Let q be 3 - 2*(2 + 1). Let t(x) = q*a(x) - 7*r(x). Give t(-6).
-7
Suppose 2*f = -2*q - q + 12, -f = 0. Let g(x) = 2*x. Let l(d) = -d**3 + 3*d**2 - 6*d + 1. Let z(r) = -3*g(r) - l(r). Give z(q).
15
Let q(p) = -5*p - 2. Let x(z) = 14*z + 7. Let k(t) = -8*q(t) - 3*x(t). Let b = -27 - -38. Suppose 0 = 5*o + b + 19. Give k(o).
7
Let q(r) be the third derivative of -7*r**6/120 - r**5/30 + r**4/24 - 22*r**2. Determine q(1).
-8
Let x = -12 - -41. Let p = 33 - x. Suppose p*w - a - 37 = 0, w + 4*a = -4*w + 20. Let g(m) = m**2 - 7*m - 3. Calculate g(w).
5
Let t(v) = 12*v - 11. Let b(j) = 5*j - 5. Let l(m) = 5*b(m) - 2*t(m). Give l(-5).
-8
Let m = -2 + 8. Let g(w) be the second derivative of w**7/840 - w**6/60 - w**4/6 - w**3/6 + 3*w. Let y(c) be the second derivative of g(c). Give y(m).
-4
Let b(m) = m**3 + m**2 + m. Let x be (-2)/5 + 2/5. Suppose -2*i + 5*i + 4*g - 4 = x, 4*g = 5*i + 4. Calculate b(i).
0
Let y(d) = d - 5. Let t(m) = -2. Let l = 43 - 41. Let o(b) = l*y(b) - 5*t(b). Calculate o(2).
4
Let z(d) = -23 + d**2 + 8*d - 26*d + 0*d**2. Let j be z(19). Let n = -7 - j. Let u(l) = l**3 + 6*l**2 + 4*l + 1. What is u(n)?
16
Suppose 393 = -144*l + 13*l. Let p(y) = y**2 - 1 - 4*y**2 - 3*y + 2*y**2. Calculate p(l).
-1
Suppose 120 = z + 5*z. Suppose -2 = 18*b - z*b. Let h(t) = -6*t**2 + 1. What is h(b)?
-5
Suppose 0 = -0*x - 6*x + 12. Let q(h) = -449 - x*h**2 - 3*h**3 + 0*h**2 + 450. What is q(1)?
-4
Let d(w) = -11*w**2 - 4*w + 6. Let l(v) = -13*v**2 - 5*v + 7. Let s(y) = -6*d(y) + 5*l(y). What is s(6)?
29
Let q(x) = -x**2 + 